761 divide 58014037?
False
Is 24 a factor of 16360512?
True
Is 3558 a factor of 1399151478?
True
Is 989 a factor of 1506954851?
False
Does 5971 divide 1558669840?
True
Does 684 divide 38963376?
True
Does 18 divide 151449449?
False
Is 369199998 a multiple of 28?
False
Does 2241 divide 464724209?
False
Does 94 divide 162183182?
True
Is 3263252 a multiple of 68?
True
Does 154 divide 33455884?
True
Is 262968683 a multiple of 543?
False
Does 250 divide 47388392?
False
Is 117016434 a multiple of 1662?
True
Does 228 divide 3070847420?
False
Does 257 divide 64132164?
False
Is 58385512 a multiple of 880?
False
Does 32 divide 55205381?
False
Is 22 a factor of 1220140286?
False
Is 13 a factor of 402659933?
True
Is 103183450 a multiple of 26?
False
Does 4094 divide 193695879?
False
Does 163 divide 29150757?
True
Is 4 a factor of 2277063216?
True
Is 30973496 a multiple of 38?
True
Is 21112183 a multiple of 1601?
False
Does 6 divide 31635164?
False
Is 35 a factor of 7696113?
False
Does 14 divide 29502475?
False
Does 473 divide 177495913?
False
Is 23 a factor of 101900790?
False
Is 3626389 a multiple of 61?
True
Is 13 a factor of 665396212?
True
Does 13 divide 20150672?
False
Is 26 a factor of 10173257?
False
Is 3473 a factor of 143202609?
False
Does 239 divide 4089697?
False
Is 8 a factor of 49472427?
False
Is 401748250 a multiple of 85?
True
Is 109715878 a multiple of 124?
False
Is 1632 a factor of 52196256?
True
Does 500 divide 169996000?
True
Is 229368803 a multiple of 439?
False
Is 279914787 a multiple of 59?
False
Does 12 divide 2408677216?
False
Does 370 divide 31537222?
False
Is 2049 a factor of 873378054?
True
Is 362 a factor of 125143487?
False
Is 27 a factor of 111820862?
False
Is 1937 a factor of 41356887?
True
Is 102 a factor of 99647880?
True
Is 12975091 a multiple of 1228?
False
Does 6 divide 809028035?
False
Is 46765776 a multiple of 223?
True
Does 34 divide 2081455316?
True
Is 38106324 a multiple of 38?
True
Is 798675069 a multiple of 988?
False
Is 26 a factor of 845837200?
True
Is 1233918 a multiple of 14?
True
Is 1126902574 a multiple of 7?
True
Is 557775 a multiple of 201?
True
Is 17 a factor of 6916920621?
False
Is 16 a factor of 70740561?
False
Is 822030 a multiple of 4?
False
Is 148 a factor of 3341479028?
True
Does 77 divide 2828723440?
False
Is 187632656 a multiple of 11?
False
Is 32 a factor of 1474666592?
True
Does 2169 divide 2128882201?
False
Is 178 a factor of 198691397?
False
Does 1297 divide 5837198?
False
Is 20018700 a multiple of 1062?
True
Is 49816971 a multiple of 28?
False
Does 130 divide 10307903?
False
Is 130 a factor of 9942242?
False
Is 106174073 a multiple of 241?
False
Is 10 a factor of 98375940?
True
Is 934263960 a multiple of 429?
False
Is 78 a factor of 747100926?
True
Is 7235110 a multiple of 6?
False
Is 1092597171 a multiple of 5?
False
Does 1073 divide 389642730?
False
Is 33430903 a multiple of 23?
False
Does 1002 divide 953753700?
True
Is 8188678 a multiple of 22?
False
Does 290 divide 33816610?
True
Is 308718794 a multiple of 358?
True
Is 27 a factor of 154156824?
True
Does 611 divide 2262164023?
False
Is 9 a factor of 1668234?
False
Is 480456343 a multiple of 6?
False
Is 610753953 a multiple of 5424?
False
Is 347656980 a multiple of 2388?
True
Is 163194669 a multiple of 891?
True
Does 4273 divide 3866073664?
True
Does 16 divide 111031152?
True
Does 676 divide 200513092?
True
Does 1342 divide 122150182?
True
Is 6 a factor of 20992698?
True
Is 146 a factor of 40572441?
False
Is 6610 a factor of 274176190?
True
Does 12 divide 1167561067?
False
Does 1674 divide 13001958?
True
Is 1813 a factor of 785322752?
False
Does 4 divide 27107425?
False
Does 115 divide 677103325?
True
Is 36665856 a multiple of 512?
True
Is 29357813 a multiple of 13?
False
Does 10 divide 339312693?
False
Is 72321958 a multiple of 173?
True
Is 14 a factor of 47318432?
True
Does 39 divide 86563893?
True
Does 23 divide 232697141?
True
Is 1888 a factor of 287242208?
True
Is 96181376 a multiple of 1153?
False
Is 141 a factor of 2293637?
False
Is 72 a factor of 197680351?
False
Does 20 divide 1566866180?
True
Is 570572173 a multiple of 17?
True
Does 314 divide 2241856929?
False
Does 939 divide 92932830?
True
Is 89238240 a multiple of 624?
True
Is 2521 a factor of 61580467?
True
Is 1765390 a multiple of 5?
True
Does 320 divide 115159360?
True
Is 74 a factor of 32448495?
False
Is 159 a factor of 47885553?
True
Does 991 divide 153849413?
False
Is 1797573307 a multiple of 11?
False
Does 9 divide 47026728?
True
Is 58276735 a multiple of 82?
False
Is 29348690 a multiple of 10?
True
Is 438 a factor of 181652437?
False
Is 259 a factor of 374067225?
True
Is 107 a factor of 273204705?
True
Does 1223 divide 16861673?
False
Is 261 a factor of 544826016?
True
Does 1924 divide 501329006?
False
Does 579 divide 313003972?
False
Is 1999050595 a multiple of 28?
False
Does 10 divide 30596104?
False
Is 15759118 a multiple of 23?
False
Does 3499 divide 286767066?
False
Does 30 divide 846144121?
False
Is 23 a factor of 106346705?
False
Is 34977497 a multiple of 949?
False
Is 92133200 a multiple of 35?
False
Is 23687028 a multiple of 18?
True
Does 4 divide 8352700?
True
Does 161 divide 409815538?
False
Is 21770580 a multiple of 390?
True
Is 28 a factor of 817074174?
False
Is 41840408 a multiple of 15?
False
Is 2102 a factor of 838466780?
True
Is 387380175 a multiple of 3497?
True
Is 9 a factor of 21835990?
False
Is 126422748 a multiple of 108?
True
Is 75464766 a multiple of 35?
False
Is 157374029 a multiple of 1328?
False
Is 19305325 a multiple of 319?
False
Does 718 divide 1257936?
True
Is 947045 a multiple of 18?
False
Does 2517 divide 93910865?
False
Is 221692621 a multiple of 2173?
False
Does 1437 divide 381286395?
True
Does 79 divide 12910496?
True
Is 441641605 a multiple of 95?
True
Is 56397202 a multiple of 10?
False
Is 166240949 a multiple of 581?
True
Is 36645746 even?
True
Is 16327976 a multiple of 49?
True
Is 44760587 a multiple of 183?
False
Does 120 divide 2869560?
True
Is 33380732 a multiple of 308?
True
Is 219 a factor of 116657860?
False
Is 3963482 a multiple of 2866?
False
Is 67 a factor of 1455292260?
True
Is 268 a factor of 281993620?
True
Does 5 divide 2899430?
True
Does 9882 divide 3142317888?
True
Does 5 divide 43467920?
True
Is 8 a factor of 6440775?
False
Is 34085396 a multiple of 12?
False
Is 162091416 a multiple of 1641?
True
Is 53 a factor of 143074928?
False
Is 231 a factor of 17448816?
True
Is 14 a factor of 1754292535?
False
Does 14 divide 1040122496?
True
Does 21 divide 7729869?
True
Does 930 divide 1568643960?
False
Is 4640 a factor of 583657104?
False
Is 79 a factor of 659916871?
False
Is 1866360799 a multiple of 737?
False
Is 30 a factor of 80889360?
True
Is 79592407 a multiple of 281?
True
Is 13 a factor of 620508070?
True
Is 5242052 a multiple of 16?
False
Does 18 divide 34975350?
True
Is 18886770 a multiple of 81?
True
Does 33 divide 666577?
False
Is 23315040 a multiple of 4?
True
Does 74 divide 92936082?
True
Does 3497 divide 169159430?
False
Does 4818 divide 723608590?
False
Is 76857237 a multiple of 207?
True
Does 707 divide 150578695?
False
Does 63 divide 16324875?
True
Is 16 a factor of 78647760?
True
Is 344192312 a multiple of 751?
True
Is 11 a factor of 272521447?
True
Is 55336315 a multiple of 127?
False
Is 685703700 a multiple of 236?
False
Is 267363777 a multiple of 4713?
True
Is 59869189 a multiple of 34?
False
Does 5280 divide 1020270240?
True
Is 531538892 a multiple of 2738?
True
Does 8 divide 387587802?
False
Is 1100 a factor of 175093600?
True
Does 3 divide 156831857?
False
Is 190612504 a multiple of 4?
True
Is 17 a factor of 113572512?
True
Does 540 divide 25409083?
False
Does 8036 divide 1055234240?
False
Does 284 divide 2107186?
False
Is 60 a factor of 14273340?
True
Is 134 a factor of 929893943?
False
Is 19 a factor of 763381451?
False
Does 158 divide 72997264?
True
Is 3 a factor of 49703911?
False
Is 62 a factor of 119959832?
True
Is 2663709958 a multiple of 48?
False
Is 912 a factor of 538080?
True
Is 66 a factor of 4004286?
True
Does 5 divide 10569835?
True
Is 1058598932 a multiple of 1849?
False
Is 313483485 a multiple of 119?
True
Does 9 divide 57372129?
True
Is 9 a factor of 571892379?
False
Is 415 a fa